(base 4) in base 16?
b77e2f
1132000 (base 5) to base 6
240351
1010031122 (base 4) to base 15
57bab
What is -768483 (base 10) in base 15?
-102a73
Convert -10522374 (base 8) to base 9.
-4240433
Convert 123333414 (base 5) to base 14.
11a92c
What is -573580 (base 13) in base 2?
-111110111111000111100
-1252337 (base 11) to base 14
-406b13
What is 72c3 (base 16) in base 7?
151440
-110110023223 (base 4) to base 2
-10100010100001011101011
Convert 23134255 (base 6) to base 4.
2231330123
What is -1000101100001111100101 (base 2) in base 9?
-4252305
What is 305854 (base 9) in base 13?
647b9
627cd2 (base 16) to base 8
30476322
Convert a27d (base 16) to base 8.
121175
What is 11301301 (base 4) in base 13?
aa05
What is 59c01 (base 13) in base 16?
282ff
Convert -216df (base 16) to base 2.
-100001011011011111
425003 (base 9) to base 7
2102340
What is 11320324 (base 5) in base 14?
2a0da
12713a (base 14) to base 3
1012012211122
7faeb5 (base 16) to base 12
2976585
What is 30188 (base 14) in base 12?
56a64
What is a80a5 (base 11) in base 14?
413c9
Convert -48e85 (base 15) to base 8.
-706507
Convert 1010003132 (base 4) to base 15.
578d5
15465 (base 15) to base 14
1ad67
2b748 (base 13) to base 10
82532
Convert 65342 (base 11) to base 16.
172be
Convert 3105db (base 15) to base 3.
11101101021022
Convert -786f7 (base 16) to base 8.
-1703367
What is -41687 (base 11) in base 5?
-3420331
-110110011110000000 (base 2) to base 8
-663600
What is -101100000010010 (base 2) in base 6?
-252214
1401341442 (base 5) to base 13
970a91
Convert -1136554 (base 7) to base 12.
-6b401
What is -1100011110110001000 (base 2) in base 15?
-81298
-2ba16d (base 15) to base 6
-113115051
Convert -4054815 (base 10) to base 7.
-46315422
-13525510 (base 8) to base 15
-406354
-a09581 (base 13) to base 4
-32033202111
-3346425 (base 9) to base 12
-72b0ab
-12120112000012 (base 3) to base 2
-1011010011010011100101
What is 19476 (base 15) in base 13?
2b437
-3555c (base 16) to base 14
-59884
-12101100212200 (base 3) to base 2
-1010111010100010110011
What is -f34df (base 16) in base 14?
-1bd27d
Convert -76082 (base 16) to base 9.
-816155
What is 101000001001100100 (base 2) in base 13?
59b12
What is -47da0 (base 16) in base 6?
-10150304
-110020112201100 (base 3) to base 13
-146a498
-1b500 (base 13) to base 5
-3203243
-202606 (base 8) to base 12
-328b2
-30011032 (base 5) to base 8
-713206
Convert -10010001110011000001 (base 2) to base 6.
-20444425
Convert 231684 (base 13) to base 8.
3130144
Convert -1166a75 (base 11) to base 4.
-13233202220
112410124 (base 5) to base 7
4235051
Convert -19ba059 (base 12) to base 9.
-11257616
Convert -1594c1 (base 13) to base 6.
-15243252
1114114032 (base 5) to base 8
11374502
203112403 (base 5) to base 13
231a57
Convert 47699 (base 10) to base 13.
18932
What is 2116a3 (base 11) in base 7?
2611041
What is -1402412 (base 5) in base 12?
-14596
113131310 (base 4) to base 7
550136
-241142314 (base 5) to base 3
-2002122221200
What is 5363136 (base 7) in base 3?
1020020100210
Convert -2174760 (base 8) to base 14.
-114556
What is 3051115 (base 7) in base 13?
ca3b4
Convert 21234413 (base 5) to base 10.
180608
What is 59754 (base 11) in base 13?
30254
What is -616864 (base 9) in base 8?
-1312557
Convert 387574 (base 10) to base 6.
12150154
What is -75a34 (base 12) in base 4?
-211322020
What is 145554 (base 10) in base 14?
3b08a
1122203124 (base 5) to base 13
6ab232
3444301201 (base 5) to base 8
35616732
Convert 371515 (base 9) to base 7.
1622465
Convert b1b42 (base 15) to base 14.
109151
What is 1332134 (base 9) in base 10?
729841
Convert a56c5 (base 16) to base 5.
133140243
Convert -1100111001010001111 (base 2) to base 4.
-1213022033
49a71 (base 12) to base 3
12002012111
What is 766723 (base 9) in base 14?
bcb0b
Convert -b2c1c (base 13) to base 10.
-320618
Convert -1100110101011000111 (base 2) to base 12.
-18345b
Convert 3023131420 (base 5) to base 4.
113021120113
What is -8653 (base 12) in base 5?
-433001
12220001220112 (base 3) to base 15
41ca78
Convert bdee9b (base 15) to base 10.
9061796
What is 3b479 (base 12) in base 15?
193e0
What is -19e4bb (base 16) in base 3?
-10012012210012
What is -1256114 (base 7) in base 2?
-101000011000001010
What is 2bac3 (base 15) in base 5?
14001213
What is 743c2 (base 16) in base 2?
1110100001111000010
What is -112111110121 (base 3) in base 11?
-185456
What is 12200110211 (base 3) in base 4?
123110023
What is 62032 (base 10) in base 2?
1111001001010000
-1001001001000101001 (base 2) to base 14
-7b253
-32e48 (base 16) to base 2
-110010111001001000
5944385 (base 11) to base 13
21c1a60
What is 25a1e (base 16) in base 6?
3145342
What is -3325016 (base 8) in base 4?
-3122220032
5dba3 (base 16) to base 6
12121203
Convert -153543 (base 8) to base 14.
-16147
What is 25d70 (base 14) in base 16?
16c0e
205330302 (base 6) to base 2
1101110011101111111110
Convert -204231624 (base 7) to base 3.
-211122210001210
What is 7330668 (base 10) in base 3?
111210102210020
313022001331 (base 4) to base 6
1233523501
Convert -15421065 (base 10) to base 5.
-12421433230
What is 1110010111000010111 (base 2) in base 5?
110024201
Convert cbb063 (base 14) to base 3.
110222220021000
212423 (base 9) to base 7
1034460
Convert -350565 (base 16) to base 15.
-489879
-105201 (base 11) to base 13
-5b5a2
What is -1422052 (base 6) in base 16?
-13bb0
Convert -5a220 (base 11) to base 10.
-86779
What is 159074 (base 14) in base 10?
754702
-24ba8 (base 12) to base 2
-1100001110110000
-110332133 (base 5) to base 12
-1b1b45
Convert -30322333323 (base 4) to base 6.
-200334203
-3811295 (base 10) to base 4
-32202133133
-140131412 (base 5) to base 2
-10101100111100000101
Convert -1021220 (base 5) to base 6.
-210552
What is 6d9559 (base 15) in base 14?
9a7b15
What is 1ab74 (base 13) in base 14?
151ad
What is 8288068 (base 9) in base 8?
20710350
-76c2c6 (base 14) to base 2
-1111010111100101010110
Convert 2432 (base 15) to base 10.
7697
1130031102 (base 4) to base 7
3132054
What is adc26 (base 15) in base 11?
348411
Convert 1121220203 (base 4) to base 16.
59a23
-58110 (base 11) to base 14
-2286d
133115 (base 7) to base 9
37378
Convert -b6a61 (base 12) to base 16.
-3a969
2740605 (base 11) to base 10
4729774
What is 403503321 (base 6) in base 15?
913d21
289335 (base 11) to base 14
ba81c
23522001 (base 7) to base 10
2089557
What is -201020210001200 (base 3) in base 12?
-3514753
What is -22052 (base 10) in base 16?
-5624
What is 13524211 (base 9) in base 15?
8c1cb7
What is -11222111022 (base 3) in base 5?
-11114140
Convert 1010111000010111100 (base 2) to base 3.
200010002012
Convert 2201111 (base 3) to base 6.
13104
Convert 865844 (base 11) to base 14.
2804bb
What is -64554421 (base 7) in base 3?
-101100220120201
Convert -3401321 (base 5) to base 7.
-335502
What is 49461 (base 13) in base 11?
92290
What is 1d0a33 (base 15) in base 11?
88a796
-786124 (base 10) to base 16
-bfecc
What is 13453333 (base 8) in base 13?
8243a0
Convert 1113102003 (base 4) to base 15.
70ddc
Convert -144384 (base 15) to base 3.
-1211121001121
What is 554225 (base 6) in base 4?
23103221
What is 31333132 (base 4) in base 6?
1121154
Convert 6aab6 (base 12) to base 2.
100010111110101010
What is -10110100001011100 (base 2) in base 4?
-112201130
What is -11314070 (base 9) in base 5?
-2402013342
138b9e (base 15) to base 16
e5b4a
What is -301021441 (base 5) in base 6?
-41252340
What is 44681 (base 12) in base 9?
147517
Convert -100331003 (base 4) to base 14.
-1b443
1011111001000001011101 (base 2) to base 13
851a89
What is -1012012212111 (base 3) in base 8?
-2326427
Convert -23e79e (base 15) to base 2.
-110100011110100101111
What is -1161434 (base 7) in base 5?
-14240201
11dc5 (base 15) to base 11
399a9
What is 6a756c (base 13) in base 14?
49bc78
What is -1464634 (base 8) in base 11?
-267818
12885976 (base 10) to base 5
11244322401
54786 (base 10) to base 14
15d74
Convert -2010122002002 (base 3) to base 5.
-242300010
Convert 8077431 (base 9) to base 4.
100122200332
Convert 230323133 (base 5) to base 6.
34001032
Convert -111001101100101100 (base 2) to base 7.
-2003005
What is 121203201232 (base 4) in base 3?
110121100110111
2d90c (base 14) to base 6
2241024
-2939a9 (base 12) to base 10
-690897
What is 101113022 (base 4) in base 8?
212712
Wha